CRAN Package Check Results for Package epxToR

Last updated on 2022-09-27 21:53:49 CEST.

Flavor Version Tinstall Tcheck Ttotal Status Flags
r-devel-linux-x86_64-debian-clang 0.4-1 2.94 31.48 34.42 NOTE
r-devel-linux-x86_64-debian-gcc 0.4-1 2.65 24.90 27.55 NOTE
r-devel-linux-x86_64-fedora-clang 0.4-1 55.23 NOTE
r-devel-linux-x86_64-fedora-gcc 0.4-1 55.94 NOTE
r-devel-windows-x86_64 0.4-1 9.00 56.00 65.00 NOTE
r-patched-linux-x86_64 0.4-1 3.10 31.10 34.20 NOTE
r-release-linux-x86_64 0.4-1 2.20 31.21 33.41 NOTE
r-release-macos-arm64 0.4-1 19.00 NOTE
r-release-macos-x86_64 0.4-1 25.00 NOTE
r-release-windows-x86_64 0.4-1 9.00 59.00 68.00 NOTE
r-oldrel-macos-arm64 0.4-1 22.00 NOTE
r-oldrel-macos-x86_64 0.4-1 26.00 NOTE
r-oldrel-windows-ix86+x86_64 0.4-1 7.00 57.00 64.00 NOTE

Check Details

Version: 0.4-1
Check: LazyData
Result: NOTE
     'LazyData' is specified without a 'data' directory
Flavors: r-devel-linux-x86_64-debian-clang, r-devel-linux-x86_64-debian-gcc, r-devel-linux-x86_64-fedora-clang, r-devel-linux-x86_64-fedora-gcc, r-devel-windows-x86_64, r-patched-linux-x86_64, r-release-linux-x86_64, r-release-macos-arm64, r-release-macos-x86_64, r-release-windows-x86_64, r-oldrel-macos-arm64, r-oldrel-macos-x86_64, r-oldrel-windows-ix86+x86_64