Last updated on 2025-02-16 20:50:33 CET.
Flavor | Version | Tinstall | Tcheck | Ttotal | Status | Flags |
---|---|---|---|---|---|---|
r-devel-linux-x86_64-debian-clang | 0.1.4 | 10.94 | 86.48 | 97.42 | NOTE | |
r-devel-linux-x86_64-debian-gcc | 0.1.4 | 7.55 | 60.40 | 67.95 | NOTE | |
r-devel-linux-x86_64-fedora-clang | 0.1.4 | 161.11 | OK | |||
r-devel-linux-x86_64-fedora-gcc | 0.1.4 | 160.42 | OK | |||
r-devel-macos-arm64 | 0.1.4 | 75.00 | OK | |||
r-devel-macos-x86_64 | 0.1.4 | 115.00 | OK | |||
r-devel-windows-x86_64 | 0.1.4 | 13.00 | 103.00 | 116.00 | NOTE | |
r-patched-linux-x86_64 | 0.1.4 | 16.59 | 78.45 | 95.04 | OK | |
r-release-linux-x86_64 | 0.1.4 | 10.53 | 77.94 | 88.47 | OK | |
r-release-macos-arm64 | 0.1.4 | 56.00 | OK | |||
r-release-macos-x86_64 | 0.1.4 | 84.00 | OK | |||
r-release-windows-x86_64 | 0.1.4 | 13.00 | 104.00 | 117.00 | OK | |
r-oldrel-macos-arm64 | 0.1.4 | 60.00 | OK | |||
r-oldrel-macos-x86_64 | 0.1.4 | 117.00 | OK | |||
r-oldrel-windows-x86_64 | 0.1.4 | 17.00 | 126.00 | 143.00 | OK |
Version: 0.1.4
Check: Rd cross-references
Result: NOTE
Found the following Rd file(s) with Rd \link{} targets missing package
anchors:
Cmip6Dict.Rd: data.table
summary_database.Rd: data.table
Please provide package anchors for all Rd \link{} targets not in the
package itself and the base packages.
Flavors: r-devel-linux-x86_64-debian-clang, r-devel-linux-x86_64-debian-gcc, r-devel-windows-x86_64