Last updated on 2024-04-19 20:56:37 CEST.
Flavor | Version | Tinstall | Tcheck | Ttotal | Status | Flags |
---|---|---|---|---|---|---|
r-devel-linux-x86_64-debian-clang | 1.0-9 | 18.10 | 97.56 | 115.66 | OK | |
r-devel-linux-x86_64-debian-gcc | 1.0-9 | OK | ||||
r-devel-linux-x86_64-fedora-clang | 1.0-9 | 145.28 | OK | |||
r-devel-linux-x86_64-fedora-gcc | 1.0-9 | 135.38 | OK | |||
r-prerel-macos-arm64 | 1.0-9 | 43.00 | OK | |||
r-prerel-windows-x86_64 | 1.0-9 | 16.00 | 96.00 | 112.00 | OK | |
r-patched-linux-x86_64 | 1.0-9 | 15.96 | 95.76 | 111.72 | OK | |
r-release-linux-x86_64 | 1.0-9 | 15.60 | 92.34 | 107.94 | OK | |
r-release-macos-arm64 | 1.0-9 | 44.00 | OK | |||
r-release-macos-x86_64 | 1.0-9 | 64.00 | NOTE | |||
r-release-windows-x86_64 | 1.0-9 | 20.00 | 121.00 | 141.00 | OK | |
r-oldrel-macos-arm64 | 1.0-9 | 46.00 | OK | |||
r-oldrel-windows-x86_64 | 1.0-9 | 22.00 | 118.00 | 140.00 | OK |
Version: 1.0-9
Check: package dependencies
Result: NOTE
Packages suggested but not available for checking:
'fields', 'lme4', 'rworldmap', 'statnet'
Flavor: r-release-macos-x86_64