Last updated on 2023-03-21 19:57:10 CET.
Flavor | Version | Tinstall | Tcheck | Ttotal | Status | Flags |
---|---|---|---|---|---|---|
r-devel-linux-x86_64-debian-clang | 0.1.5 | 8.01 | 86.15 | 94.16 | NOTE | |
r-devel-linux-x86_64-debian-gcc | 0.1.5 | 7.20 | 64.56 | 71.76 | NOTE | |
r-devel-linux-x86_64-fedora-clang | 0.1.5 | 118.67 | NOTE | |||
r-devel-linux-x86_64-fedora-gcc | 0.1.5 | 121.18 | NOTE | |||
r-devel-windows-x86_64 | 0.1.5 | 25.00 | 109.00 | 134.00 | NOTE | |
r-patched-linux-x86_64 | 0.1.5 | 8.04 | 82.04 | 90.08 | NOTE | |
r-release-linux-x86_64 | 0.1.5 | 8.73 | 82.26 | 90.99 | NOTE | |
r-release-macos-arm64 | 0.1.5 | 35.00 | NOTE | |||
r-release-macos-x86_64 | 0.1.5 | 54.00 | NOTE | |||
r-release-windows-x86_64 | 0.1.5 | 28.00 | 112.00 | 140.00 | NOTE | |
r-oldrel-macos-arm64 | 0.1.5 | 33.00 | NOTE | |||
r-oldrel-macos-x86_64 | 0.1.5 | 51.00 | NOTE | |||
r-oldrel-windows-ix86+x86_64 | 0.1.5 | 19.00 | 114.00 | 133.00 | NOTE |
Version: 0.1.5
Check: package dependencies
Result: NOTE
Package suggested but not available for checking: ‘epidict’
Flavors: r-devel-linux-x86_64-debian-clang, r-devel-linux-x86_64-debian-gcc, r-devel-linux-x86_64-fedora-clang, r-devel-linux-x86_64-fedora-gcc, r-devel-windows-x86_64, r-patched-linux-x86_64, r-release-linux-x86_64, r-release-macos-arm64, r-release-macos-x86_64, r-release-windows-x86_64, r-oldrel-macos-arm64, r-oldrel-macos-x86_64, r-oldrel-windows-ix86+x86_64