Last updated on 2024-03-27 19:56:50 CET.
Flavor | Version | Tinstall | Tcheck | Ttotal | Status | Flags |
---|---|---|---|---|---|---|
r-devel-linux-x86_64-debian-clang | 0.3.0 | 2.88 | 71.75 | 74.63 | OK | |
r-devel-linux-x86_64-debian-gcc | 0.3.0 | 2.97 | 53.00 | 55.97 | OK | |
r-devel-linux-x86_64-fedora-clang | 0.3.0 | 92.32 | NOTE | |||
r-devel-linux-x86_64-fedora-gcc | 0.3.0 | 103.06 | NOTE | |||
r-devel-windows-x86_64 | 0.3.0 | 5.00 | 79.00 | 84.00 | OK | |
r-patched-linux-x86_64 | 0.3.0 | 3.15 | 68.43 | 71.58 | OK | |
r-release-linux-x86_64 | 0.3.0 | 2.75 | 67.53 | 70.28 | OK | |
r-release-macos-arm64 | 0.3.0 | 36.00 | OK | |||
r-release-macos-x86_64 | 0.3.0 | 56.00 | OK | |||
r-release-windows-x86_64 | 0.3.0 | 5.00 | 85.00 | 90.00 | OK | |
r-oldrel-macos-arm64 | 0.3.0 | 39.00 | NOTE | |||
r-oldrel-windows-x86_64 | 0.3.0 | 6.00 | 94.00 | 100.00 | OK |
Version: 0.3.0
Check: dependencies in R code
Result: NOTE
Namespace in Imports field not imported from: ‘knitr’
All declared Imports should be used.
Flavors: r-devel-linux-x86_64-fedora-clang, r-devel-linux-x86_64-fedora-gcc, r-oldrel-macos-arm64