CRAN Package Check Results for Package eoffice

Last updated on 2022-09-28 21:51:36 CEST.

Flavor Version Tinstall Tcheck Ttotal Status Flags
r-devel-linux-x86_64-debian-clang 0.2.1 9.85 107.93 117.78 NOTE
r-devel-linux-x86_64-debian-gcc 0.2.1 7.65 79.22 86.87 NOTE
r-devel-linux-x86_64-fedora-clang 0.2.1 159.76 NOTE
r-devel-linux-x86_64-fedora-gcc 0.2.1 151.47 NOTE
r-devel-windows-x86_64 0.2.1 21.00 136.00 157.00 NOTE
r-patched-linux-x86_64 0.2.1 6.30 99.74 106.04 NOTE
r-release-linux-x86_64 0.2.1 6.32 100.26 106.58 NOTE
r-release-macos-arm64 0.2.1 38.00 NOTE
r-release-macos-x86_64 0.2.1 64.00 NOTE
r-release-windows-x86_64 0.2.1 23.00 143.00 166.00 NOTE
r-oldrel-macos-arm64 0.2.1 54.00 NOTE
r-oldrel-macos-x86_64 0.2.1 75.00 NOTE
r-oldrel-windows-ix86+x86_64 0.2.1 25.00 132.00 157.00 NOTE

Check Details

Version: 0.2.1
Check: LazyData
Result: NOTE
     'LazyData' is specified without a 'data' directory
Flavors: r-devel-linux-x86_64-debian-clang, r-devel-linux-x86_64-debian-gcc, r-devel-linux-x86_64-fedora-clang, r-devel-linux-x86_64-fedora-gcc, r-devel-windows-x86_64, r-patched-linux-x86_64, r-release-linux-x86_64, r-release-macos-arm64, r-release-macos-x86_64, r-release-windows-x86_64, r-oldrel-macos-arm64, r-oldrel-macos-x86_64, r-oldrel-windows-ix86+x86_64