CRAN Package Check Results for Package ensembleTax

Last updated on 2022-10-03 21:53:36 CEST.

Flavor Version Tinstall Tcheck Ttotal Status Flags
r-devel-linux-x86_64-debian-clang 1.1.1 6.04 60.76 66.80 OK
r-devel-linux-x86_64-debian-gcc 1.1.1 4.89 46.25 51.14 OK
r-devel-linux-x86_64-fedora-clang 1.1.1 96.79 NOTE
r-devel-linux-x86_64-fedora-gcc 1.1.1 94.59 NOTE
r-devel-windows-x86_64 1.1.1 35.00 97.00 132.00 OK
r-patched-linux-x86_64 1.1.1 4.94 57.77 62.71 OK
r-release-linux-x86_64 1.1.1 5.63 57.11 62.74 OK
r-release-macos-arm64 1.1.1 35.00 NOTE
r-release-macos-x86_64 1.1.1 52.00 NOTE
r-release-windows-x86_64 1.1.1 20.00 94.00 114.00 OK
r-oldrel-macos-arm64 1.1.1 66.00 NOTE
r-oldrel-macos-x86_64 1.1.1 41.00 NOTE
r-oldrel-windows-ix86+x86_64 1.1.1 13.00 85.00 98.00 OK

Check Details

Version: 1.1.1
Check: dependencies in R code
Result: NOTE
    Namespaces in Imports field not imported from:
     ‘Biostrings’ ‘DECIPHER’ ‘ggplot2’ ‘reshape2’ ‘usethis’
     All declared Imports should be used.
Flavors: r-devel-linux-x86_64-fedora-clang, r-devel-linux-x86_64-fedora-gcc, r-release-macos-arm64, r-release-macos-x86_64, r-oldrel-macos-arm64, r-oldrel-macos-x86_64