Last updated on 2024-07-17 20:56:59 CEST.
Flavor | Version | Tinstall | Tcheck | Ttotal | Status | Flags |
---|---|---|---|---|---|---|
r-devel-linux-x86_64-debian-clang | 1.1.0 | 18.64 | 114.11 | 132.75 | NOTE | |
r-devel-linux-x86_64-debian-gcc | 1.1.0 | 10.86 | 83.81 | 94.67 | NOTE | |
r-devel-linux-x86_64-fedora-clang | 1.1.0 | 171.34 | NOTE | |||
r-devel-linux-x86_64-fedora-gcc | 1.1.0 | 146.97 | NOTE | |||
r-devel-windows-x86_64 | 1.1.0 | 17.00 | 94.00 | 111.00 | NOTE | |
r-patched-linux-x86_64 | 1.1.0 | 16.18 | 107.99 | 124.17 | NOTE | |
r-release-linux-x86_64 | 1.1.0 | 11.69 | 104.37 | 116.06 | NOTE | |
r-release-macos-arm64 | 1.1.0 | 46.00 | NOTE | |||
r-release-macos-x86_64 | 1.1.0 | 67.00 | NOTE | |||
r-release-windows-x86_64 | 1.1.0 | 13.00 | 96.00 | 109.00 | NOTE | |
r-oldrel-macos-arm64 | 1.1.0 | 51.00 | OK | |||
r-oldrel-macos-x86_64 | 1.1.0 | 76.00 | OK | |||
r-oldrel-windows-x86_64 | 1.1.0 | 17.00 | 111.00 | 128.00 | OK |
Version: 1.1.0
Check: Rd files
Result: NOTE
checkRd: (-1) enetLTS-package.Rd:41: Lost braces; missing escapes or markup?
41 | \code{family="binomial"} should be a factor with two levels which is coded as \code{0} and {1}.
| ^
Flavors: r-devel-linux-x86_64-debian-clang, r-devel-linux-x86_64-debian-gcc, r-devel-linux-x86_64-fedora-clang, r-devel-linux-x86_64-fedora-gcc, r-devel-windows-x86_64, r-patched-linux-x86_64, r-release-linux-x86_64, r-release-macos-arm64, r-release-macos-x86_64, r-release-windows-x86_64