Last updated on 2025-02-06 19:49:22 CET.
Flavor | Version | Tinstall | Tcheck | Ttotal | Status | Flags |
---|---|---|---|---|---|---|
r-devel-linux-x86_64-debian-clang | 0.3.6 | 1.35 | 17.86 | 19.21 | NOTE | |
r-devel-linux-x86_64-debian-gcc | 0.3.6 | 1.40 | 14.86 | 16.26 | NOTE | |
r-devel-linux-x86_64-fedora-clang | 0.3.6 | 31.81 | NOTE | |||
r-devel-linux-x86_64-fedora-gcc | 0.3.6 | 29.91 | NOTE | |||
r-devel-windows-x86_64 | 0.3.6 | 2.00 | 42.00 | 44.00 | NOTE | |
r-patched-linux-x86_64 | 0.3.6 | 1.85 | 16.84 | 18.69 | NOTE | |
r-release-linux-x86_64 | 0.3.6 | 1.79 | 17.08 | 18.87 | NOTE | |
r-release-macos-arm64 | 0.3.6 | 14.00 | NOTE | |||
r-release-macos-x86_64 | 0.3.6 | 20.00 | NOTE | |||
r-release-windows-x86_64 | 0.3.6 | 3.00 | 41.00 | 44.00 | NOTE | |
r-oldrel-macos-arm64 | 0.3.6 | 15.00 | NOTE | |||
r-oldrel-macos-x86_64 | 0.3.6 | 19.00 | NOTE | |||
r-oldrel-windows-x86_64 | 0.3.6 | 3.00 | 42.00 | 45.00 | NOTE |
Version: 0.3.6
Check: Rd files
Result: NOTE
checkRd: (-1) encode.character.Rd:22: Escaped LaTeX specials: \~
Flavors: r-devel-linux-x86_64-debian-clang, r-devel-linux-x86_64-debian-gcc, r-devel-linux-x86_64-fedora-clang, r-devel-linux-x86_64-fedora-gcc, r-devel-windows-x86_64, r-patched-linux-x86_64, r-release-linux-x86_64, r-release-macos-arm64, r-release-macos-x86_64, r-release-windows-x86_64, r-oldrel-macos-arm64, r-oldrel-macos-x86_64, r-oldrel-windows-x86_64
Version: 0.3.6
Check: LazyData
Result: NOTE
'LazyData' is specified without a 'data' directory
Flavors: r-patched-linux-x86_64, r-release-linux-x86_64, r-release-macos-arm64, r-release-macos-x86_64, r-release-windows-x86_64, r-oldrel-macos-arm64, r-oldrel-macos-x86_64, r-oldrel-windows-x86_64