CRAN Package Check Results for Package emuR

Last updated on 2024-12-17 20:48:22 CET.

Flavor Version Tinstall Tcheck Ttotal Status Flags
r-devel-linux-x86_64-debian-clang 2.5.0 20.91 239.07 259.98 NOTE
r-devel-linux-x86_64-debian-gcc 2.5.0 14.45 149.84 164.29 NOTE
r-devel-linux-x86_64-fedora-clang 2.5.0 416.37 OK
r-devel-linux-x86_64-fedora-gcc 2.5.0 392.02 OK
r-devel-windows-x86_64 2.5.0 27.00 257.00 284.00 NOTE
r-patched-linux-x86_64 2.5.0 28.90 225.11 254.01 OK
r-release-linux-x86_64 2.5.0 21.75 223.03 244.78 OK
r-release-macos-arm64 2.5.0 103.00 OK
r-release-macos-x86_64 2.5.0 192.00 OK
r-release-windows-x86_64 2.5.0 31.00 262.00 293.00 OK
r-oldrel-macos-arm64 2.5.0 101.00 OK
r-oldrel-macos-x86_64 2.5.0 237.00 OK
r-oldrel-windows-x86_64 2.5.0 31.00 324.00 355.00 OK

Check Details

Version: 2.5.0
Check: Rd cross-references
Result: NOTE Found the following Rd file(s) with Rd \link{} targets missing package anchors: get_trackdata.Rd: wrasspOutputInfos, tibble query.Rd: tibble requery_hier.Rd: tibble requery_seq.Rd: tibble serve.Rd: stopAllServers, httpuv Please provide package anchors for all Rd \link{} targets not in the package itself and the base packages. Flavors: r-devel-linux-x86_64-debian-clang, r-devel-linux-x86_64-debian-gcc, r-devel-windows-x86_64