CRAN Package Check Results for Package emoji

Last updated on 2022-09-28 21:51:36 CEST.

Flavor Version Tinstall Tcheck Ttotal Status Flags
r-devel-linux-x86_64-debian-clang 0.2.0 2.79 31.14 33.93 OK
r-devel-linux-x86_64-debian-gcc 0.2.0 2.25 24.20 26.45 OK
r-devel-linux-x86_64-fedora-clang 0.2.0 54.39 NOTE
r-devel-linux-x86_64-fedora-gcc 0.2.0 52.99 NOTE
r-devel-windows-x86_64 0.2.0 15.00 61.00 76.00 OK
r-patched-linux-x86_64 0.2.0 3.10 29.78 32.88 OK
r-release-linux-x86_64 0.2.0 1.85 29.28 31.13 OK
r-release-macos-arm64 0.2.0 17.00 NOTE
r-release-macos-x86_64 0.2.0 27.00 NOTE
r-release-windows-x86_64 0.2.0 17.00 59.00 76.00 OK
r-oldrel-macos-arm64 0.2.0 18.00 NOTE
r-oldrel-macos-x86_64 0.2.0 26.00 NOTE
r-oldrel-windows-ix86+x86_64 0.2.0 7.00 57.00 64.00 OK

Check Details

Version: 0.2.0
Check: data for non-ASCII characters
Result: NOTE
     Note: found 9451 marked UTF-8 strings
Flavors: r-devel-linux-x86_64-fedora-clang, r-devel-linux-x86_64-fedora-gcc, r-release-macos-arm64, r-release-macos-x86_64, r-oldrel-macos-arm64, r-oldrel-macos-x86_64