Last updated on 2024-04-18 21:56:50 CEST.
Flavor | Version | Tinstall | Tcheck | Ttotal | Status | Flags |
---|---|---|---|---|---|---|
r-devel-linux-x86_64-debian-clang | 15.0 | 3.57 | 39.01 | 42.58 | NOTE | |
r-devel-linux-x86_64-debian-gcc | 15.0 | 2.68 | 29.44 | 32.12 | NOTE | |
r-devel-linux-x86_64-fedora-clang | 15.0 | 53.39 | NOTE | |||
r-devel-linux-x86_64-fedora-gcc | 15.0 | 50.66 | NOTE | |||
r-prerel-macos-arm64 | 15.0 | 22.00 | NOTE | |||
r-prerel-windows-x86_64 | 15.0 | 6.00 | 54.00 | 60.00 | NOTE | |
r-patched-linux-x86_64 | 15.0 | 4.22 | 37.27 | 41.49 | NOTE | |
r-release-linux-x86_64 | 15.0 | 4.45 | 37.37 | 41.82 | OK | |
r-release-macos-arm64 | 15.0 | 21.00 | OK | |||
r-release-macos-x86_64 | 15.0 | 30.00 | OK | |||
r-release-windows-x86_64 | 15.0 | 7.00 | 59.00 | 66.00 | OK | |
r-oldrel-macos-arm64 | 15.0 | 29.00 | NOTE | |||
r-oldrel-windows-x86_64 | 15.0 | 7.00 | 61.00 | 68.00 | OK |
Version: 15.0
Check: Rd files
Result: NOTE
checkRd: (-1) medal.Rd:21: Lost braces in \itemize; meant \describe ?
checkRd: (-1) medal.Rd:22: Lost braces in \itemize; meant \describe ?
checkRd: (-1) medal.Rd:23: Lost braces in \itemize; meant \describe ?
Flavors: r-devel-linux-x86_64-debian-clang, r-devel-linux-x86_64-debian-gcc, r-devel-linux-x86_64-fedora-clang, r-devel-linux-x86_64-fedora-gcc, r-prerel-macos-arm64, r-prerel-windows-x86_64, r-patched-linux-x86_64
Version: 15.0
Check: data for non-ASCII characters
Result: NOTE
Note: found 16919 marked UTF-8 strings
Flavors: r-devel-linux-x86_64-fedora-clang, r-devel-linux-x86_64-fedora-gcc, r-oldrel-macos-arm64