CRAN Package Check Results for Package emhawkes

Last updated on 2022-09-24 21:51:01 CEST.

Flavor Version Tinstall Tcheck Ttotal Status Flags
r-devel-linux-x86_64-debian-clang 0.9.5 4.25 284.23 288.48 NOTE
r-devel-linux-x86_64-debian-gcc 0.9.5 3.70 191.78 195.48 NOTE
r-devel-linux-x86_64-fedora-clang 0.9.5 337.67 NOTE
r-devel-linux-x86_64-fedora-gcc 0.9.5 345.96 NOTE
r-devel-windows-x86_64 0.9.5 27.00 267.00 294.00 NOTE
r-patched-linux-x86_64 0.9.5 4.81 263.98 268.79 NOTE
r-release-linux-x86_64 0.9.5 4.16 269.26 273.42 NOTE
r-release-macos-arm64 0.9.5 77.00 NOTE
r-release-macos-x86_64 0.9.5 124.00 NOTE
r-release-windows-x86_64 0.9.5 22.00 261.00 283.00 NOTE
r-oldrel-macos-arm64 0.9.5 90.00 NOTE
r-oldrel-macos-x86_64 0.9.5 172.00 NOTE
r-oldrel-windows-ix86+x86_64 0.9.5 11.00 306.00 317.00 NOTE

Check Details

Version: 0.9.5
Check: LazyData
Result: NOTE
     'LazyData' is specified without a 'data' directory
Flavors: r-devel-linux-x86_64-debian-clang, r-devel-linux-x86_64-debian-gcc, r-devel-linux-x86_64-fedora-clang, r-devel-linux-x86_64-fedora-gcc, r-devel-windows-x86_64, r-patched-linux-x86_64, r-release-linux-x86_64, r-release-macos-arm64, r-release-macos-x86_64, r-release-windows-x86_64, r-oldrel-macos-arm64, r-oldrel-macos-x86_64, r-oldrel-windows-ix86+x86_64