Last updated on 2024-04-25 20:48:20 CEST.
Flavor | Version | Tinstall | Tcheck | Ttotal | Status | Flags |
---|---|---|---|---|---|---|
r-devel-linux-x86_64-debian-clang | 9.1 | 29.03 | 156.86 | 185.89 | OK | |
r-devel-linux-x86_64-debian-gcc | 9.1 | 21.48 | 111.43 | 132.91 | OK | |
r-devel-linux-x86_64-fedora-clang | 9.1 | 214.60 | NOTE | |||
r-devel-linux-x86_64-fedora-gcc | 9.1 | 205.56 | NOTE | |||
r-devel-windows-x86_64 | 9.1 | 21.00 | 142.00 | 163.00 | OK | |
r-patched-linux-x86_64 | 9.1 | 16.35 | 145.84 | 162.19 | OK | |
r-release-linux-x86_64 | 9.1 | 15.55 | 147.39 | 162.94 | OK | |
r-release-macos-arm64 | 9.1 | 89.00 | OK | |||
r-release-windows-x86_64 | 9.1 | 22.00 | 145.00 | 167.00 | OK | |
r-oldrel-macos-arm64 | 9.1 | 102.00 | OK | |||
r-oldrel-macos-x86_64 | 9.1 | 172.00 | OK | |||
r-oldrel-windows-x86_64 | 9.1 | 29.00 | 176.00 | 205.00 | OK |
Version: 9.1
Check: data for non-ASCII characters
Result: NOTE
Note: found 155 marked UTF-8 strings
Flavors: r-devel-linux-x86_64-fedora-clang, r-devel-linux-x86_64-fedora-gcc