CRAN Package Check Results for Package electionsBR

Last updated on 2022-09-28 21:51:36 CEST.

Flavor Version Tinstall Tcheck Ttotal Status Flags
r-devel-linux-x86_64-debian-clang 0.3.2 6.53 58.75 65.28 NOTE
r-devel-linux-x86_64-debian-gcc 0.3.2 3.35 43.42 46.77 NOTE
r-devel-linux-x86_64-fedora-clang 0.3.2 93.90 NOTE
r-devel-linux-x86_64-fedora-gcc 0.3.2 89.71 NOTE
r-devel-windows-x86_64 0.3.2 33.00 92.00 125.00 NOTE
r-patched-linux-x86_64 0.3.2 3.94 54.56 58.50 NOTE
r-release-linux-x86_64 0.3.2 3.95 54.64 58.59 NOTE
r-release-macos-arm64 0.3.2 25.00 NOTE
r-release-macos-x86_64 0.3.2 41.00 NOTE
r-release-windows-x86_64 0.3.2 50.00 93.00 143.00 NOTE
r-oldrel-macos-arm64 0.3.2 29.00 NOTE
r-oldrel-macos-x86_64 0.3.2 45.00 NOTE
r-oldrel-windows-ix86+x86_64 0.3.2 15.00 81.00 96.00 NOTE

Check Details

Version: 0.3.2
Check: LazyData
Result: NOTE
     'LazyData' is specified without a 'data' directory
Flavors: r-devel-linux-x86_64-debian-clang, r-devel-linux-x86_64-debian-gcc, r-devel-linux-x86_64-fedora-clang, r-devel-linux-x86_64-fedora-gcc, r-devel-windows-x86_64, r-patched-linux-x86_64, r-release-linux-x86_64, r-release-macos-arm64, r-release-macos-x86_64, r-release-windows-x86_64, r-oldrel-macos-arm64, r-oldrel-macos-x86_64, r-oldrel-windows-ix86+x86_64

Version: 0.3.2
Check: dependencies in R code
Result: NOTE
    Namespace in Imports field not imported from: ‘stats’
     All declared Imports should be used.
Flavors: r-devel-linux-x86_64-fedora-clang, r-devel-linux-x86_64-fedora-gcc, r-release-macos-arm64, r-release-macos-x86_64, r-oldrel-macos-arm64, r-oldrel-macos-x86_64