CRAN Package Check Results for Package elasticnet

Last updated on 2025-05-03 21:51:16 CEST.

Flavor Version Tinstall Tcheck Ttotal Status Flags
r-devel-linux-x86_64-debian-clang 1.3 2.38 24.95 27.33 NOTE
r-devel-linux-x86_64-debian-gcc 1.3 1.79 19.25 21.04 NOTE
r-devel-linux-x86_64-fedora-clang 1.3 43.37 OK
r-devel-linux-x86_64-fedora-gcc 1.3 42.51 OK
r-devel-windows-x86_64 1.3 4.00 48.00 52.00 OK
r-patched-linux-x86_64 1.3 2.84 23.84 26.68 OK
r-release-linux-x86_64 OK
r-release-macos-arm64 1.3 20.00 OK
r-release-macos-x86_64 1.3 42.00 OK
r-release-windows-x86_64 1.3 4.00 51.00 55.00 OK
r-oldrel-macos-arm64 1.3 25.00 OK
r-oldrel-macos-x86_64 1.3 32.00 OK
r-oldrel-windows-x86_64 1.3 3.00 47.00 50.00 OK

Check Details

Version: 1.3
Check: CRAN incoming feasibility
Result: NOTE Maintainer: ‘Hui Zou <zouxx019@umn.edu>’ No Authors@R field in DESCRIPTION. Please add one, modifying Authors@R: c(person(given = "Hui", family = "Zou", role = c("aut", "cre"), email = "zouxx019@umn.edu"), person(given = "Trevor", family = "Hastie", role = "aut", email = "hastie@stanford.edu")) as necessary. Flavors: r-devel-linux-x86_64-debian-clang, r-devel-linux-x86_64-debian-gcc