CRAN Package Check Results for Package elaborator

Last updated on 2023-03-26 01:51:55 CET.

Flavor Version Tinstall Tcheck Ttotal Status Flags
r-devel-linux-x86_64-debian-clang 1.1 17.30 93.09 110.39 NOTE
r-devel-linux-x86_64-debian-gcc 1.1 12.48 69.05 81.53 NOTE
r-devel-linux-x86_64-fedora-gcc 1.1 134.84 NOTE
r-patched-linux-x86_64 1.1 13.36 87.33 100.69 NOTE
r-release-linux-x86_64 1.1 11.43 87.69 99.12 NOTE
r-release-macos-arm64 1.1 31.00 NOTE
r-release-macos-x86_64 1.1 58.00 NOTE
r-release-windows-x86_64 1.1 63.00 122.00 185.00 NOTE
r-oldrel-macos-arm64 1.1 44.00 NOTE
r-oldrel-macos-x86_64 1.1 70.00 NOTE
r-oldrel-windows-ix86+x86_64 1.1 33.00 113.00 146.00 NOTE

Check Details

Version: 1.1
Check: LazyData
Result: NOTE
     'LazyData' is specified without a 'data' directory
Flavors: r-devel-linux-x86_64-debian-clang, r-devel-linux-x86_64-debian-gcc, r-devel-linux-x86_64-fedora-gcc, r-patched-linux-x86_64, r-release-linux-x86_64, r-release-macos-arm64, r-release-macos-x86_64, r-release-windows-x86_64, r-oldrel-macos-arm64, r-oldrel-macos-x86_64, r-oldrel-windows-ix86+x86_64