CRAN Package Check Results for Package eigenmodel

Last updated on 2022-10-05 21:53:32 CEST.

Flavor Version Tinstall Tcheck Ttotal Status Flags
r-devel-linux-x86_64-debian-clang 1.11 2.93 32.74 35.67 NOTE
r-devel-linux-x86_64-debian-gcc 1.11 2.15 25.10 27.25 NOTE
r-devel-linux-x86_64-fedora-clang 1.11 55.26 NOTE
r-devel-linux-x86_64-fedora-gcc 1.11 52.98 NOTE
r-devel-windows-x86_64 1.11 21.00 59.00 80.00 NOTE
r-patched-linux-x86_64 1.11 3.10 31.12 34.22 OK
r-release-linux-x86_64 1.11 2.81 31.10 33.91 OK
r-release-macos-arm64 1.11 17.00 OK
r-release-macos-x86_64 1.11 25.00 OK
r-release-windows-x86_64 1.11 7.00 54.00 61.00 OK
r-oldrel-macos-arm64 1.11 20.00 OK
r-oldrel-macos-x86_64 1.11 33.00 OK
r-oldrel-windows-ix86+x86_64 1.11 5.00 33.00 38.00 OK

Check Details

Version: 1.11
Check: package subdirectories
Result: NOTE
    Problems with news in 'NEWS.md':
    No news entries found.
Flavors: r-devel-linux-x86_64-debian-clang, r-devel-linux-x86_64-debian-gcc, r-devel-linux-x86_64-fedora-clang, r-devel-linux-x86_64-fedora-gcc, r-devel-windows-x86_64