CRAN Package Check Results for Package ef

Last updated on 2022-10-05 21:53:32 CEST.

Flavor Version Tinstall Tcheck Ttotal Status Flags
r-devel-linux-x86_64-debian-clang 1.2.0 77.03 100.43 177.46 OK
r-devel-linux-x86_64-debian-gcc 1.2.0 61.50 74.13 135.63 OK
r-devel-linux-x86_64-fedora-clang 1.2.0 230.19 OK
r-devel-linux-x86_64-fedora-gcc 1.2.0 232.40 OK
r-devel-windows-x86_64 1.2.0 51.00 135.00 186.00 NOTE
r-patched-linux-x86_64 1.2.0 70.63 93.78 164.41 OK
r-release-linux-x86_64 1.2.0 60.53 94.04 154.57 OK
r-release-macos-arm64 1.2.0 62.00 NOTE
r-release-macos-x86_64 1.2.0 112.00 NOTE
r-release-windows-x86_64 1.2.0 59.00 138.00 197.00 NOTE
r-oldrel-macos-arm64 1.2.0 69.00 NOTE
r-oldrel-macos-x86_64 1.2.0 89.00 NOTE
r-oldrel-windows-ix86+x86_64 1.2.0 142.00 161.00 303.00 NOTE

Check Details

Version: 1.2.0
Check: installed package size
Result: NOTE
     installed size is 12.6Mb
     sub-directories of 1Mb or more:
     libs 12.5Mb
Flavors: r-devel-windows-x86_64, r-release-macos-arm64, r-release-macos-x86_64, r-release-windows-x86_64, r-oldrel-macos-arm64, r-oldrel-macos-x86_64, r-oldrel-windows-ix86+x86_64