Last updated on 2025-05-07 20:49:43 CEST.
Flavor | Version | Tinstall | Tcheck | Ttotal | Status | Flags |
---|---|---|---|---|---|---|
r-devel-linux-x86_64-debian-clang | 0.1.0 | 5.15 | 229.58 | 234.73 | NOTE | |
r-devel-linux-x86_64-debian-gcc | 0.1.0 | 3.05 | 173.80 | 176.85 | NOTE | |
r-devel-linux-x86_64-fedora-clang | 0.1.0 | 367.62 | NOTE | |||
r-devel-linux-x86_64-fedora-gcc | 0.1.0 | 386.49 | NOTE | |||
r-devel-windows-x86_64 | 0.1.0 | 6.00 | 252.00 | 258.00 | NOTE | |
r-patched-linux-x86_64 | 0.1.0 | 5.45 | 219.59 | 225.04 | NOTE | |
r-release-linux-x86_64 | 0.1.0 | 4.54 | 216.92 | 221.46 | NOTE | |
r-release-macos-arm64 | 0.1.0 | 183.00 | NOTE | |||
r-release-macos-x86_64 | 0.1.0 | 438.00 | NOTE | |||
r-release-windows-x86_64 | 0.1.0 | 7.00 | 240.00 | 247.00 | NOTE | |
r-oldrel-macos-arm64 | 0.1.0 | 167.00 | NOTE | |||
r-oldrel-macos-x86_64 | 0.1.0 | 380.00 | NOTE | |||
r-oldrel-windows-x86_64 | 0.1.0 | 8.00 | 301.00 | 309.00 | NOTE |
Version: 0.1.0
Check: Rd files
Result: NOTE
checkRd: (-1) eesim.Rd:148-151: Lost braces in \itemize; \value handles \item{}{} directly
checkRd: (-1) eesim.Rd:152-155: Lost braces in \itemize; \value handles \item{}{} directly
checkRd: (-1) eesim.Rd:156-158: Lost braces in \itemize; \value handles \item{}{} directly
Flavors: r-devel-linux-x86_64-debian-clang, r-devel-linux-x86_64-debian-gcc, r-devel-linux-x86_64-fedora-clang, r-devel-linux-x86_64-fedora-gcc, r-devel-windows-x86_64, r-patched-linux-x86_64, r-release-linux-x86_64, r-release-macos-arm64, r-release-macos-x86_64, r-release-windows-x86_64, r-oldrel-macos-arm64, r-oldrel-macos-x86_64, r-oldrel-windows-x86_64
Version: 0.1.0
Check: LazyData
Result: NOTE
'LazyData' is specified without a 'data' directory
Flavors: r-oldrel-macos-arm64, r-oldrel-macos-x86_64, r-oldrel-windows-x86_64