Last updated on 2025-04-14 21:50:44 CEST.
Flavor | Version | Tinstall | Tcheck | Ttotal | Status | Flags |
---|---|---|---|---|---|---|
r-devel-linux-x86_64-debian-clang | 1.0-4 | 4.68 | 41.96 | 46.64 | NOTE | |
r-devel-linux-x86_64-debian-gcc | 1.0-4 | 3.59 | 33.43 | 37.02 | NOTE | |
r-devel-linux-x86_64-fedora-clang | 1.0-4 | 76.44 | OK | |||
r-devel-linux-x86_64-fedora-gcc | 1.0-4 | 75.98 | OK | |||
r-devel-windows-x86_64 | 1.0-4 | 8.00 | 66.00 | 74.00 | NOTE | |
r-patched-linux-x86_64 | 1.0-4 | 5.57 | 40.59 | 46.16 | NOTE | |
r-release-linux-x86_64 | 1.0-4 | 4.69 | 41.40 | 46.09 | NOTE | |
r-release-macos-arm64 | 1.0-4 | 32.00 | OK | |||
r-release-macos-x86_64 | 1.0-4 | 43.00 | OK | |||
r-release-windows-x86_64 | 1.0-4 | 8.00 | 64.00 | 72.00 | NOTE | |
r-oldrel-macos-arm64 | 1.0-4 | 29.00 | OK | |||
r-oldrel-macos-x86_64 | 1.0-4 | 36.00 | OK | |||
r-oldrel-windows-x86_64 | 1.0-4 | 8.00 | 73.00 | 81.00 | OK |
Version: 1.0-4
Check: Rd cross-references
Result: NOTE
Found the following Rd file(s) with Rd \link{} targets missing package
anchors:
eegfilter.Rd: butter, fir1, filtfilt, freqz_plot
eegpsd.Rd: imagebar
Please provide package anchors for all Rd \link{} targets not in the
package itself and the base packages.
Flavors: r-devel-linux-x86_64-debian-clang, r-devel-linux-x86_64-debian-gcc, r-devel-windows-x86_64, r-patched-linux-x86_64, r-release-linux-x86_64, r-release-windows-x86_64