Last updated on 2024-04-23 20:52:02 CEST.
Flavor | Version | Tinstall | Tcheck | Ttotal | Status | Flags |
---|---|---|---|---|---|---|
r-devel-linux-x86_64-debian-clang | 0.1.8 | 6.18 | 53.74 | 59.92 | OK | |
r-devel-linux-x86_64-debian-gcc | 0.1.8 | 4.83 | 41.07 | 45.90 | OK | |
r-devel-linux-x86_64-fedora-clang | 0.1.8 | 80.68 | NOTE | |||
r-devel-linux-x86_64-fedora-gcc | 0.1.8 | 92.51 | NOTE | |||
r-prerel-macos-arm64 | 0.1.8 | 32.00 | OK | |||
r-prerel-windows-x86_64 | 0.1.8 | 7.00 | 64.00 | 71.00 | OK | |
r-patched-linux-x86_64 | 0.1.8 | 4.75 | 52.06 | 56.81 | OK | |
r-release-linux-x86_64 | 0.1.8 | 3.69 | 50.94 | 54.63 | OK | |
r-release-macos-arm64 | 0.1.8 | 41.00 | OK | |||
r-release-macos-x86_64 | 0.1.8 | 57.00 | OK | |||
r-release-windows-x86_64 | 0.1.8 | 8.00 | 69.00 | 77.00 | OK | |
r-oldrel-macos-arm64 | 0.1.8 | 29.00 | NOTE | |||
r-oldrel-windows-x86_64 | 0.1.8 | 9.00 | 74.00 | 83.00 | OK |
Version: 0.1.8
Check: dependencies in R code
Result: NOTE
Namespaces in Imports field not imported from:
‘dplyr’ ‘magrittr’ ‘tibble’
All declared Imports should be used.
Flavors: r-devel-linux-x86_64-fedora-clang, r-devel-linux-x86_64-fedora-gcc, r-oldrel-macos-arm64