CRAN Package Check Results for Package edina

Last updated on 2022-09-28 21:51:36 CEST.

Flavor Version Tinstall Tcheck Ttotal Status Flags
r-devel-linux-x86_64-debian-clang 0.1.1 44.89 63.65 108.54 NOTE
r-devel-linux-x86_64-debian-gcc 0.1.1 31.03 47.14 78.17 NOTE
r-devel-linux-x86_64-fedora-clang 0.1.1 156.58 NOTE
r-devel-linux-x86_64-fedora-gcc 0.1.1 140.11 NOTE
r-devel-windows-x86_64 0.1.1 42.00 113.00 155.00 NOTE
r-patched-linux-x86_64 0.1.1 38.74 58.53 97.27 NOTE
r-release-linux-x86_64 0.1.1 35.82 58.90 94.72 NOTE
r-release-macos-arm64 0.1.1 40.00 NOTE
r-release-macos-x86_64 0.1.1 65.00 NOTE
r-release-windows-x86_64 0.1.1 42.00 105.00 147.00 NOTE
r-oldrel-macos-arm64 0.1.1 44.00 NOTE
r-oldrel-macos-x86_64 0.1.1 65.00 NOTE
r-oldrel-windows-ix86+x86_64 0.1.1 104.00 125.00 229.00 NOTE

Check Details

Version: 0.1.1
Check: LazyData
Result: NOTE
     'LazyData' is specified without a 'data' directory
Flavors: r-devel-linux-x86_64-debian-clang, r-devel-linux-x86_64-debian-gcc, r-devel-linux-x86_64-fedora-clang, r-devel-linux-x86_64-fedora-gcc, r-devel-windows-x86_64, r-patched-linux-x86_64, r-release-linux-x86_64, r-release-macos-arm64, r-release-macos-x86_64, r-release-windows-x86_64, r-oldrel-macos-arm64, r-oldrel-macos-x86_64, r-oldrel-windows-ix86+x86_64