Last updated on 2025-04-14 21:50:44 CEST.
Flavor | Version | Tinstall | Tcheck | Ttotal | Status | Flags |
---|---|---|---|---|---|---|
r-devel-linux-x86_64-debian-clang | 1.2.1 | 3.75 | 41.25 | 45.00 | OK | |
r-devel-linux-x86_64-debian-gcc | 1.2.1 | 2.68 | 31.13 | 33.81 | OK | |
r-devel-linux-x86_64-fedora-clang | 1.2.1 | 71.98 | OK | |||
r-devel-linux-x86_64-fedora-gcc | 1.2.1 | 83.33 | OK | |||
r-devel-windows-x86_64 | 1.2.1 | 6.00 | 57.00 | 63.00 | OK | |
r-patched-linux-x86_64 | 1.2.1 | 3.22 | 39.07 | 42.29 | OK | |
r-release-linux-x86_64 | 1.2.1 | 3.26 | 39.05 | 42.31 | OK | |
r-release-macos-arm64 | 1.2.1 | 35.00 | OK | |||
r-release-macos-x86_64 | 1.2.1 | 58.00 | OK | |||
r-release-windows-x86_64 | 1.2.1 | 4.00 | 58.00 | 62.00 | OK | |
r-oldrel-macos-arm64 | 1.2.1 | 30.00 | NOTE | |||
r-oldrel-macos-x86_64 | 1.2.1 | 44.00 | NOTE | |||
r-oldrel-windows-x86_64 | 1.2.1 | 6.00 | 71.00 | 77.00 | NOTE |
Version: 1.2.1
Check: LazyData
Result: NOTE
'LazyData' is specified without a 'data' directory
Flavors: r-oldrel-macos-arm64, r-oldrel-macos-x86_64, r-oldrel-windows-x86_64