Last updated on 2025-07-12 20:50:28 CEST.
Flavor | Version | Tinstall | Tcheck | Ttotal | Status | Flags |
---|---|---|---|---|---|---|
r-devel-linux-x86_64-debian-clang | 0.9.5 | 18.95 | 185.54 | 204.49 | OK | |
r-devel-linux-x86_64-debian-gcc | 0.9.5 | 12.39 | 116.69 | 129.08 | OK | |
r-devel-linux-x86_64-fedora-clang | 0.9.5 | 300.12 | OK | |||
r-devel-linux-x86_64-fedora-gcc | 0.9.5 | 306.98 | OK | |||
r-devel-windows-x86_64 | 0.9.4 | 18.00 | 144.00 | 162.00 | NOTE | |
r-patched-linux-x86_64 | 0.9.4 | 21.49 | 155.43 | 176.92 | NOTE | |
r-release-linux-x86_64 | 0.9.5 | 17.70 | 154.47 | 172.17 | OK | |
r-release-macos-arm64 | 0.9.4 | 133.00 | OK | |||
r-release-macos-x86_64 | 0.9.5 | 179.00 | OK | |||
r-release-windows-x86_64 | 0.9.5 | 16.00 | 180.00 | 196.00 | OK | |
r-oldrel-macos-arm64 | 0.9.4 | 77.00 | OK | |||
r-oldrel-macos-x86_64 | 0.9.5 | 167.00 | OK | |||
r-oldrel-windows-x86_64 | 0.9.4 | 27.00 | 203.00 | 230.00 | OK |
Version: 0.9.4
Check: Rd cross-references
Result: NOTE
Found the following Rd file(s) with Rd \link{} targets missing package
anchors:
filter_case_condition.Rd: dplyr_data_masking
Please provide package anchors for all Rd \link{} targets not in the
package itself and the base packages.
Flavors: r-devel-windows-x86_64, r-patched-linux-x86_64