CRAN Package Check Results for Package ed50

Last updated on 2025-07-26 21:49:51 CEST.

Flavor Version Tinstall Tcheck Ttotal Status Flags
r-devel-linux-x86_64-debian-clang 0.1.1 2.70 24.30 27.00 NOTE
r-devel-linux-x86_64-debian-gcc 0.1.1 1.68 19.79 21.47 NOTE
r-devel-linux-x86_64-fedora-clang 0.1.1 41.80 OK
r-devel-linux-x86_64-fedora-gcc 0.1.1 39.97 OK
r-devel-windows-x86_64 0.1.1 5.00 53.00 58.00 OK
r-patched-linux-x86_64 0.1.1 2.64 23.02 25.66 OK
r-release-linux-x86_64 0.1.1 1.89 22.95 24.84 OK
r-release-macos-arm64 0.1.1 18.00 OK
r-release-macos-x86_64 0.1.1 29.00 OK
r-release-windows-x86_64 0.1.1 3.00 45.00 48.00 OK
r-oldrel-macos-arm64 0.1.1 16.00 OK
r-oldrel-macos-x86_64 0.1.1 23.00 OK
r-oldrel-windows-x86_64 0.1.1 3.00 53.00 56.00 OK

Check Details

Version: 0.1.1
Check: CRAN incoming feasibility
Result: NOTE Maintainer: ‘Yongbo Gan <yongbogan@whu.edu.cn>’ No Authors@R field in DESCRIPTION. Please add one, modifying Authors@R: c(person(given = "Yongbo", family = "Gan", role = c("aut", "cre"), email = "yongbogan@whu.edu.cn"), person(given = "Zhijian", family = "Yang", role = "aut"), person(given = "Wei", family = "Mei", role = "aut")) as necessary. Flavors: r-devel-linux-x86_64-debian-clang, r-devel-linux-x86_64-debian-gcc