Last updated on 2024-03-27 19:56:50 CET.
Flavor | Version | Tinstall | Tcheck | Ttotal | Status | Flags |
---|---|---|---|---|---|---|
r-devel-linux-x86_64-debian-clang | 0.1.1 | 25.50 | 47.51 | 73.01 | OK | |
r-devel-linux-x86_64-debian-gcc | 0.1.1 | 16.42 | 35.74 | 52.16 | OK | |
r-devel-linux-x86_64-fedora-clang | 0.1.1 | 93.53 | NOTE | |||
r-devel-linux-x86_64-fedora-gcc | 0.1.1 | 91.54 | NOTE | |||
r-devel-windows-x86_64 | 0.1.1 | 19.00 | 72.00 | 91.00 | OK | |
r-patched-linux-x86_64 | 0.1.1 | 25.37 | 45.67 | 71.04 | OK | |
r-release-linux-x86_64 | 0.1.1 | 21.49 | 45.90 | 67.39 | OK | |
r-release-macos-arm64 | 0.1.1 | 34.00 | OK | |||
r-release-macos-x86_64 | 0.1.1 | 71.00 | OK | |||
r-release-windows-x86_64 | 0.1.1 | 20.00 | 82.00 | 102.00 | OK | |
r-oldrel-macos-arm64 | 0.1.1 | 36.00 | OK | |||
r-oldrel-windows-x86_64 | 0.1.1 | 25.00 | 82.00 | 107.00 | OK |
Version: 0.1.1
Check: data for non-ASCII characters
Result: NOTE
Note: found 42 marked UTF-8 strings
Flavors: r-devel-linux-x86_64-fedora-clang, r-devel-linux-x86_64-fedora-gcc