Last updated on 2025-11-02 23:49:36 CET.
| Flavor | Version | Tinstall | Tcheck | Ttotal | Status | Flags |
|---|---|---|---|---|---|---|
| r-devel-linux-x86_64-debian-clang | 0.1.0 | 6.74 | 113.71 | 120.45 | OK | |
| r-devel-linux-x86_64-debian-gcc | 0.1.0 | 5.19 | 84.14 | 89.33 | OK | |
| r-devel-linux-x86_64-fedora-clang | 0.1.0 | 16.00 | 172.24 | 188.24 | OK | |
| r-devel-linux-x86_64-fedora-gcc | 0.1.0 | 15.00 | 180.41 | 195.41 | OK | |
| r-devel-windows-x86_64 | 0.1.0 | 9.00 | 364.00 | 373.00 | OK | |
| r-patched-linux-x86_64 | 0.1.0 | 7.02 | 109.95 | 116.97 | OK | |
| r-release-linux-x86_64 | 0.1.0 | 6.97 | 107.95 | 114.92 | OK | |
| r-release-macos-arm64 | 0.1.0 | 5.00 | 62.00 | 67.00 | OK | |
| r-release-macos-x86_64 | 0.1.0 | 7.00 | 96.00 | 103.00 | OK | |
| r-release-windows-x86_64 | 0.1.0 | 9.00 | 343.00 | 352.00 | OK | |
| r-oldrel-macos-arm64 | 0.1.0 | 5.00 | 37.00 | 42.00 | NOTE | |
| r-oldrel-macos-x86_64 | 0.1.0 | 6.00 | 106.00 | 112.00 | NOTE | |
| r-oldrel-windows-x86_64 | 0.1.0 | 11.00 | 420.00 | 431.00 | NOTE |
Version: 0.1.0
Check: installed package size
Result: NOTE
installed size is 7.0Mb
sub-directories of 1Mb or more:
data 2.1Mb
doc 4.4Mb
Flavors: r-oldrel-macos-arm64, r-oldrel-macos-x86_64, r-oldrel-windows-x86_64