Last updated on 2023-10-02 21:09:21 CEST.
Flavor | Version | Tinstall | Tcheck | Ttotal | Status | Flags |
---|---|---|---|---|---|---|
r-devel-linux-x86_64-debian-clang | 1.1.11 | 12.68 | 399.11 | 411.79 | NOTE | |
r-devel-linux-x86_64-debian-gcc | 1.1.11 | 10.02 | 294.53 | 304.55 | NOTE | |
r-devel-linux-x86_64-fedora-clang | 1.1.11 | 446.78 | NOTE | |||
r-devel-linux-x86_64-fedora-gcc | 1.1.11 | 493.59 | NOTE | |||
r-devel-windows-x86_64 | 1.1.11 | 14.00 | 291.00 | 305.00 | OK | |
r-patched-linux-x86_64 | 1.1.11 | 12.43 | 382.40 | 394.83 | NOTE | |
r-release-linux-x86_64 | 1.1.11 | 13.38 | 387.32 | 400.70 | NOTE | |
r-release-macos-arm64 | 1.1.11 | 168.00 | OK | |||
r-release-macos-x86_64 | 1.1.11 | 274.00 | OK | |||
r-release-windows-x86_64 | 1.1.11 | 19.00 | 375.00 | 394.00 | OK | |
r-oldrel-macos-arm64 | 1.1.11 | 117.00 | OK | |||
r-oldrel-macos-x86_64 | 1.1.11 | 177.00 | OK | |||
r-oldrel-windows-x86_64 | 1.1.11 | 18.00 | 392.00 | 410.00 | OK |
Version: 1.1.11
Check: package dependencies
Result: NOTE
Package suggested but not available for checking: ‘phylosignal’
Flavors: r-devel-linux-x86_64-debian-clang, r-devel-linux-x86_64-debian-gcc, r-devel-linux-x86_64-fedora-clang, r-devel-linux-x86_64-fedora-gcc, r-patched-linux-x86_64, r-release-linux-x86_64