Last updated on 2025-07-26 21:49:51 CEST.
Flavor | Version | Tinstall | Tcheck | Ttotal | Status | Flags |
---|---|---|---|---|---|---|
r-devel-linux-x86_64-debian-clang | 0.2.4 | 64.02 | 91.84 | 155.86 | OK | |
r-devel-linux-x86_64-debian-gcc | 0.2.4 | 49.33 | 63.48 | 112.81 | OK | |
r-devel-linux-x86_64-fedora-clang | 0.2.4 | 246.86 | OK | |||
r-devel-linux-x86_64-fedora-gcc | 0.2.4 | 282.49 | OK | |||
r-devel-windows-x86_64 | 0.2.4 | 73.00 | 146.00 | 219.00 | OK | |
r-patched-linux-x86_64 | 0.2.4 | 68.87 | 83.20 | 152.07 | OK | |
r-release-linux-x86_64 | 0.2.4 | 63.82 | 82.18 | 146.00 | OK | |
r-release-macos-arm64 | 0.2.4 | 79.00 | OK | |||
r-release-macos-x86_64 | 0.2.4 | 147.00 | OK | |||
r-release-windows-x86_64 | 0.2.4 | 70.00 | 127.00 | 197.00 | OK | |
r-oldrel-macos-arm64 | 0.2.4 | 85.00 | NOTE | |||
r-oldrel-macos-x86_64 | 0.2.4 | 128.00 | NOTE | |||
r-oldrel-windows-x86_64 | 0.2.4 | 83.00 | 161.00 | 244.00 | OK |
Version: 0.2.4
Check: installed package size
Result: NOTE
installed size is 13.5Mb
sub-directories of 1Mb or more:
doc 1.3Mb
libs 11.7Mb
Flavors: r-oldrel-macos-arm64, r-oldrel-macos-x86_64