Last updated on 2023-12-05 20:49:29 CET.
Flavor | Version | Tinstall | Tcheck | Ttotal | Status | Flags |
---|---|---|---|---|---|---|
r-devel-linux-x86_64-debian-clang | 0.2.4 | 98.69 | 107.52 | 206.21 | OK | |
r-devel-linux-x86_64-debian-gcc | 0.2.4 | 66.26 | 78.35 | 144.61 | OK | |
r-devel-linux-x86_64-fedora-clang | 0.2.4 | 252.13 | OK | |||
r-devel-linux-x86_64-fedora-gcc | 0.2.4 | 232.26 | OK | |||
r-devel-windows-x86_64 | 0.2.4 | 63.00 | 122.00 | 185.00 | OK | |
r-patched-linux-x86_64 | 0.2.4 | 61.23 | 98.14 | 159.37 | OK | |
r-release-linux-x86_64 | 0.2.4 | 67.68 | 95.64 | 163.32 | OK | |
r-release-macos-arm64 | 0.2.4 | 79.00 | NOTE | |||
r-release-macos-x86_64 | 0.2.4 | 267.00 | NOTE | |||
r-release-windows-x86_64 | 0.2.4 | 81.00 | 147.00 | 228.00 | OK | |
r-oldrel-macos-arm64 | 0.2.4 | 83.00 | NOTE | |||
r-oldrel-macos-x86_64 | 0.2.3 | 99.00 | NOTE | |||
r-oldrel-windows-x86_64 | 0.2.4 | 77.00 | 137.00 | 214.00 | OK |
Version: 0.2.4
Check: installed package size
Result: NOTE
installed size is 13.5Mb
sub-directories of 1Mb or more:
doc 1.3Mb
libs 11.7Mb
Flavors: r-release-macos-arm64, r-release-macos-x86_64, r-oldrel-macos-arm64
Version: 0.2.3
Check: installed package size
Result: NOTE
installed size is 12.6Mb
sub-directories of 1Mb or more:
doc 1.3Mb
libs 10.7Mb
Flavor: r-oldrel-macos-x86_64