Last updated on 2024-03-28 19:48:30 CET.
Flavor | Version | Tinstall | Tcheck | Ttotal | Status | Flags |
---|---|---|---|---|---|---|
r-devel-linux-x86_64-debian-clang | 0.1.3 | 47.55 | 443.23 | 490.78 | OK | |
r-devel-linux-x86_64-debian-gcc | 0.1.3 | 35.57 | 319.59 | 355.16 | OK | |
r-devel-linux-x86_64-fedora-clang | 0.1.3 | 663.92 | NOTE | |||
r-devel-linux-x86_64-fedora-gcc | 0.1.3 | 623.89 | NOTE | |||
r-devel-windows-x86_64 | 0.1.3 | 39.00 | 282.00 | 321.00 | OK | |
r-patched-linux-x86_64 | 0.1.3 | 36.52 | 431.75 | 468.27 | OK | |
r-release-linux-x86_64 | 0.1.3 | 31.87 | 416.55 | 448.42 | OK | |
r-release-macos-arm64 | 0.1.3 | 130.00 | OK | |||
r-release-macos-x86_64 | 0.1.3 | 364.00 | OK | |||
r-release-windows-x86_64 | 0.1.3 | 53.00 | 380.00 | 433.00 | OK | |
r-oldrel-macos-arm64 | 0.1.3 | 124.00 | OK | |||
r-oldrel-windows-x86_64 | 0.1.3 | 53.00 | 361.00 | 414.00 | OK |
Version: 0.1.3
Check: data for non-ASCII characters
Result: NOTE
Note: found 1281 marked UTF-8 strings
Flavors: r-devel-linux-x86_64-fedora-clang, r-devel-linux-x86_64-fedora-gcc