Last updated on 2025-05-03 21:51:16 CEST.
Flavor | Version | Tinstall | Tcheck | Ttotal | Status | Flags |
---|---|---|---|---|---|---|
r-devel-linux-x86_64-debian-clang | 6.0 | 10.69 | 77.81 | 88.50 | NOTE | |
r-devel-linux-x86_64-debian-gcc | 6.0 | 7.93 | 54.19 | 62.12 | NOTE | |
r-devel-linux-x86_64-fedora-clang | 6.0 | 137.72 | OK | |||
r-devel-linux-x86_64-fedora-gcc | 6.0 | 132.37 | OK | |||
r-devel-windows-x86_64 | 6.0 | 11.00 | 82.00 | 93.00 | OK | |
r-patched-linux-x86_64 | 6.0 | 7.97 | 73.24 | 81.21 | OK | |
r-release-linux-x86_64 | OK | |||||
r-release-macos-arm64 | 6.0 | 41.00 | OK | |||
r-release-macos-x86_64 | 6.0 | 82.00 | OK | |||
r-release-windows-x86_64 | 6.0 | 11.00 | 80.00 | 91.00 | OK | |
r-oldrel-macos-arm64 | 6.0 | 39.00 | OK | |||
r-oldrel-macos-x86_64 | 6.0 | 57.00 | OK | |||
r-oldrel-windows-x86_64 | 6.0 | 14.00 | 99.00 | 113.00 | OK |
Version: 6.0
Check: CRAN incoming feasibility
Result: NOTE
Maintainer: ‘Zhicheng Du<dgdzc@hotmail.com>’
No Authors@R field in DESCRIPTION.
Please add one, modifying
Authors@R: c(person(given = "Zhicheng",
family = "Du",
role = c("aut", "cre"),
email = "dgdzc@hotmail.com"),
person(given = "Yuantao",
family = "Hao",
role = "aut"))
as necessary.
Flavors: r-devel-linux-x86_64-debian-clang, r-devel-linux-x86_64-debian-gcc