CRAN Package Check Results for Package earth

Last updated on 2022-11-26 19:55:14 CET.

Flavor Version Tinstall Tcheck Ttotal Status Flags
r-devel-linux-x86_64-debian-clang 5.3.1 21.36 98.90 120.26 OK
r-devel-linux-x86_64-debian-gcc 5.3.1 16.72 73.60 90.32 OK
r-devel-linux-x86_64-fedora-clang 5.3.1 157.92 NOTE
r-devel-linux-x86_64-fedora-gcc 5.3.1 153.53 OK
r-devel-windows-x86_64 5.3.1 92.00 125.00 217.00 OK
r-patched-linux-x86_64 5.3.1 OK
r-release-linux-x86_64 5.3.1 18.62 92.61 111.23 OK
r-release-macos-arm64 5.3.1 38.00 OK
r-release-macos-x86_64 5.3.1 50.00 OK
r-release-windows-x86_64 5.3.1 128.00 130.00 258.00 OK
r-oldrel-macos-arm64 5.3.1 48.00 OK
r-oldrel-macos-x86_64 5.3.1 53.00 OK
r-oldrel-windows-ix86+x86_64 5.3.1 41.00 140.00 181.00 OK

Check Details

Version: 5.3.1
Check: Rd cross-references
Result: NOTE
    Undeclared package ‘leaps’ in Rd xrefs
Flavor: r-devel-linux-x86_64-fedora-clang