Last updated on 2024-07-17 20:56:59 CEST.
Flavor | Version | Tinstall | Tcheck | Ttotal | Status | Flags |
---|---|---|---|---|---|---|
r-devel-linux-x86_64-debian-clang | 0.4.2 | 12.88 | 98.08 | 110.96 | NOTE | |
r-devel-linux-x86_64-debian-gcc | 0.4.2 | 9.66 | 68.54 | 78.20 | NOTE | |
r-devel-linux-x86_64-fedora-clang | 0.4.2 | 137.04 | NOTE | |||
r-devel-linux-x86_64-fedora-gcc | 0.4.2 | 126.21 | NOTE | |||
r-devel-windows-x86_64 | 0.4.2 | 11.00 | 95.00 | 106.00 | NOTE | |
r-patched-linux-x86_64 | 0.4.2 | 7.61 | 94.35 | 101.96 | NOTE | |
r-release-linux-x86_64 | 0.4.2 | 9.50 | 92.15 | 101.65 | NOTE | |
r-release-macos-arm64 | 0.4.2 | 36.00 | NOTE | |||
r-release-macos-x86_64 | 0.4.2 | 68.00 | NOTE | |||
r-release-windows-x86_64 | 0.4.2 | 11.00 | 97.00 | 108.00 | NOTE | |
r-oldrel-macos-arm64 | 0.4.2 | 41.00 | OK | |||
r-oldrel-macos-x86_64 | 0.4.2 | 64.00 | OK | |||
r-oldrel-windows-x86_64 | 0.4.2 | 13.00 | 103.00 | 116.00 | OK |
Version: 0.4.2
Check: Rd files
Result: NOTE
checkRd: (-1) USA_state_N.Rd:10: Lost braces in \itemize; meant \describe ?
checkRd: (-1) USA_state_N.Rd:11: Lost braces in \itemize; meant \describe ?
checkRd: (-1) confirmed.Rd:10: Lost braces in \itemize; meant \describe ?
checkRd: (-1) confirmed.Rd:11: Lost braces in \itemize; meant \describe ?
checkRd: (-1) death.Rd:10: Lost braces in \itemize; meant \describe ?
checkRd: (-1) death.Rd:11: Lost braces in \itemize; meant \describe ?
checkRd: (-1) recovered.Rd:10: Lost braces in \itemize; meant \describe ?
checkRd: (-1) recovered.Rd:11: Lost braces in \itemize; meant \describe ?
Flavors: r-devel-linux-x86_64-debian-clang, r-devel-linux-x86_64-debian-gcc, r-devel-linux-x86_64-fedora-clang, r-devel-linux-x86_64-fedora-gcc, r-devel-windows-x86_64, r-patched-linux-x86_64, r-release-linux-x86_64, r-release-macos-arm64, r-release-macos-x86_64, r-release-windows-x86_64