Last updated on 2024-04-24 20:54:04 CEST.
Flavor | Version | Tinstall | Tcheck | Ttotal | Status | Flags |
---|---|---|---|---|---|---|
r-devel-linux-x86_64-debian-clang | 0.1.0 | 2.86 | 33.73 | 36.59 | OK | |
r-devel-linux-x86_64-debian-gcc | 0.1.0 | 2.60 | 26.13 | 28.73 | OK | |
r-devel-linux-x86_64-fedora-clang | 0.1.0 | 48.20 | NOTE | |||
r-devel-linux-x86_64-fedora-gcc | 0.1.0 | 57.73 | NOTE | |||
r-devel-windows-x86_64 | 0.1.0 | 4.00 | 54.00 | 58.00 | OK | |
r-patched-linux-x86_64 | 0.1.0 | 3.42 | 33.14 | 36.56 | OK | |
r-release-linux-x86_64 | 0.1.0 | 2.62 | 31.84 | 34.46 | OK | |
r-release-macos-arm64 | 0.1.0 | 29.00 | OK | |||
r-release-windows-x86_64 | 0.1.0 | 4.00 | 55.00 | 59.00 | OK | |
r-oldrel-macos-arm64 | 0.1.0 | 24.00 | NOTE | |||
r-oldrel-macos-x86_64 | 0.1.0 | 42.00 | OK | |||
r-oldrel-windows-x86_64 | 0.1.0 | 4.00 | 54.00 | 58.00 | OK |
Version: 0.1.0
Check: data for non-ASCII characters
Result: NOTE
Note: found 24 marked UTF-8 strings
Flavors: r-devel-linux-x86_64-fedora-clang, r-devel-linux-x86_64-fedora-gcc, r-oldrel-macos-arm64