CRAN Package Check Results for Package eChem

Last updated on 2022-09-26 21:52:56 CEST.

Flavor Version Tinstall Tcheck Ttotal Status Flags
r-devel-linux-x86_64-debian-clang 1.0.0 6.15 78.40 84.55 NOTE
r-devel-linux-x86_64-debian-gcc 1.0.0 3.79 59.71 63.50 NOTE
r-devel-linux-x86_64-fedora-clang 1.0.0 116.63 NOTE
r-devel-linux-x86_64-fedora-gcc 1.0.0 109.71 NOTE
r-devel-windows-x86_64 1.0.0 19.00 140.00 159.00 NOTE
r-patched-linux-x86_64 1.0.0 4.52 75.02 79.54 NOTE
r-release-linux-x86_64 1.0.0 5.42 75.02 80.44 NOTE
r-release-macos-arm64 1.0.0 52.00 NOTE
r-release-macos-x86_64 1.0.0 51.00 NOTE
r-release-windows-x86_64 1.0.0 18.00 140.00 158.00 NOTE
r-oldrel-macos-arm64 1.0.0 38.00 NOTE
r-oldrel-macos-x86_64 1.0.0 55.00 NOTE
r-oldrel-windows-ix86+x86_64 1.0.0 11.00 135.00 146.00 NOTE

Check Details

Version: 1.0.0
Check: LazyData
Result: NOTE
     'LazyData' is specified without a 'data' directory
Flavors: r-devel-linux-x86_64-debian-clang, r-devel-linux-x86_64-debian-gcc, r-devel-linux-x86_64-fedora-clang, r-devel-linux-x86_64-fedora-gcc, r-devel-windows-x86_64, r-patched-linux-x86_64, r-release-linux-x86_64, r-release-macos-arm64, r-release-macos-x86_64, r-release-windows-x86_64, r-oldrel-macos-arm64, r-oldrel-macos-x86_64, r-oldrel-windows-ix86+x86_64