CRAN Package Check Results for Package eAnalytics

Last updated on 2022-10-05 21:53:32 CEST.

Flavor Version Tinstall Tcheck Ttotal Status Flags
r-devel-linux-x86_64-debian-clang 0.1.4 10.72 87.97 98.69 NOTE
r-devel-linux-x86_64-debian-gcc 0.1.4 6.63 66.69 73.32 NOTE
r-devel-linux-x86_64-fedora-clang 0.1.4 136.98 NOTE
r-devel-linux-x86_64-fedora-gcc 0.1.4 122.62 NOTE
r-devel-windows-x86_64 0.1.4 23.00 115.00 138.00 NOTE
r-patched-linux-x86_64 0.1.4 9.16 82.42 91.58 NOTE
r-release-linux-x86_64 0.1.4 7.04 81.94 88.98 NOTE
r-release-macos-arm64 0.1.4 45.00 NOTE
r-release-macos-x86_64 0.1.4 63.00 NOTE
r-release-windows-x86_64 0.1.4 16.00 118.00 134.00 NOTE
r-oldrel-macos-arm64 0.1.4 39.00 NOTE
r-oldrel-macos-x86_64 0.1.4 65.00 NOTE
r-oldrel-windows-ix86+x86_64 0.1.4 27.00 116.00 143.00 NOTE

Check Details

Version: 0.1.4
Check: LazyData
Result: NOTE
     'LazyData' is specified without a 'data' directory
Flavors: r-devel-linux-x86_64-debian-clang, r-devel-linux-x86_64-debian-gcc, r-devel-linux-x86_64-fedora-clang, r-devel-linux-x86_64-fedora-gcc, r-devel-windows-x86_64, r-patched-linux-x86_64, r-release-linux-x86_64, r-release-macos-arm64, r-release-macos-x86_64, r-release-windows-x86_64, r-oldrel-macos-arm64, r-oldrel-macos-x86_64, r-oldrel-windows-ix86+x86_64