Last updated on 2024-03-27 19:56:50 CET.
Flavor | Version | Tinstall | Tcheck | Ttotal | Status | Flags |
---|---|---|---|---|---|---|
r-devel-linux-x86_64-debian-clang | 1.2.4 | 17.89 | 256.06 | 273.95 | OK | |
r-devel-linux-x86_64-debian-gcc | 1.2.4 | 14.81 | 190.11 | 204.92 | OK | |
r-devel-linux-x86_64-fedora-clang | 1.2.4 | 355.01 | NOTE | |||
r-devel-linux-x86_64-fedora-gcc | 1.2.4 | 351.48 | NOTE | |||
r-devel-windows-x86_64 | 1.2.4 | 14.00 | 203.00 | 217.00 | OK | |
r-patched-linux-x86_64 | 1.2.4 | 20.55 | 250.77 | 271.32 | OK | |
r-release-linux-x86_64 | 1.2.4 | 11.05 | 250.21 | 261.26 | OK | |
r-release-macos-arm64 | 1.2.4 | 96.00 | OK | |||
r-release-macos-x86_64 | 1.2.4 | 242.00 | OK | |||
r-release-windows-x86_64 | 1.2.4 | 20.00 | 249.00 | 269.00 | OK | |
r-oldrel-macos-arm64 | 1.2.4 | 95.00 | OK | |||
r-oldrel-windows-x86_64 | 1.2.4 | 20.00 | 252.00 | 272.00 | OK |
Version: 1.2.4
Check: for detritus in the temp directory
Result: NOTE
Found the following files/directories:
‘containers-user-1234’
Flavors: r-devel-linux-x86_64-fedora-clang, r-devel-linux-x86_64-fedora-gcc