Last updated on 2024-07-17 20:56:58 CEST.
Flavor | Version | Tinstall | Tcheck | Ttotal | Status | Flags |
---|---|---|---|---|---|---|
r-devel-linux-x86_64-debian-clang | 1.0.5 | 20.87 | 266.50 | 287.37 | NOTE | |
r-devel-linux-x86_64-debian-gcc | 1.0.5 | 16.78 | 184.93 | 201.71 | NOTE | |
r-devel-linux-x86_64-fedora-clang | 1.0.5 | 364.00 | NOTE | |||
r-devel-linux-x86_64-fedora-gcc | 1.0.5 | 365.75 | NOTE | |||
r-devel-windows-x86_64 | 1.0.5 | 20.00 | 197.00 | 217.00 | NOTE | |
r-patched-linux-x86_64 | 1.0.5 | 20.91 | 242.84 | 263.75 | NOTE | |
r-release-linux-x86_64 | 1.0.5 | 14.71 | 238.11 | 252.82 | NOTE | |
r-release-macos-arm64 | 1.0.5 | 97.00 | NOTE | |||
r-release-macos-x86_64 | 1.0.5 | 152.00 | NOTE | |||
r-release-windows-x86_64 | 1.0.5 | 19.00 | 199.00 | 218.00 | NOTE | |
r-oldrel-macos-arm64 | 1.0.5 | 110.00 | OK | |||
r-oldrel-macos-x86_64 | 1.0.5 | 181.00 | OK | |||
r-oldrel-windows-x86_64 | 1.0.5 | 27.00 | 255.00 | 282.00 | OK |
Version: 1.0.5
Check: Rd files
Result: NOTE
checkRd: (-1) generate_kinetics.Rd:57: Lost braces; missing escapes or markup?
57 | By default, sampled from {-1, 1} with probabilities {.25, .75}.
| ^
checkRd: (-1) generate_kinetics.Rd:57: Lost braces; missing escapes or markup?
57 | By default, sampled from {-1, 1} with probabilities {.25, .75}.
| ^
Flavors: r-devel-linux-x86_64-debian-clang, r-devel-linux-x86_64-debian-gcc, r-devel-linux-x86_64-fedora-clang, r-devel-linux-x86_64-fedora-gcc, r-devel-windows-x86_64, r-patched-linux-x86_64, r-release-linux-x86_64, r-release-macos-arm64, r-release-macos-x86_64, r-release-windows-x86_64