CRAN Package Check Results for Package dydea

Last updated on 2022-09-28 21:51:35 CEST.

Flavor Version Tinstall Tcheck Ttotal Status Flags
r-devel-linux-x86_64-debian-clang 0.1.0 2.56 39.59 42.15 NOTE
r-devel-linux-x86_64-debian-gcc 0.1.0 1.69 28.50 30.19 NOTE
r-devel-linux-x86_64-fedora-clang 0.1.0 64.79 NOTE
r-devel-linux-x86_64-fedora-gcc 0.1.0 60.23 NOTE
r-devel-windows-x86_64 0.1.0 8.00 64.00 72.00 NOTE
r-patched-linux-x86_64 0.1.0 1.89 37.92 39.81 NOTE
r-release-linux-x86_64 0.1.0 2.13 38.61 40.74 NOTE
r-release-macos-arm64 0.1.0 20.00 NOTE
r-release-macos-x86_64 0.1.0 27.00 NOTE
r-release-windows-x86_64 0.1.0 7.00 61.00 68.00 NOTE
r-oldrel-macos-arm64 0.1.0 25.00 NOTE
r-oldrel-macos-x86_64 0.1.0 34.00 NOTE
r-oldrel-windows-ix86+x86_64 0.1.0 6.00 79.00 85.00 NOTE

Check Details

Version: 0.1.0
Check: LazyData
Result: NOTE
     'LazyData' is specified without a 'data' directory
Flavors: r-devel-linux-x86_64-debian-clang, r-devel-linux-x86_64-debian-gcc, r-devel-linux-x86_64-fedora-clang, r-devel-linux-x86_64-fedora-gcc, r-devel-windows-x86_64, r-patched-linux-x86_64, r-release-linux-x86_64, r-release-macos-arm64, r-release-macos-x86_64, r-release-windows-x86_64, r-oldrel-macos-arm64, r-oldrel-macos-x86_64, r-oldrel-windows-ix86+x86_64