CRAN Package Check Results for Package dydea

Last updated on 2025-04-15 21:50:34 CEST.

Flavor Version Tinstall Tcheck Ttotal Status Flags
r-devel-linux-x86_64-debian-clang 0.1.0 2.16 28.90 31.06 OK
r-devel-linux-x86_64-debian-gcc 0.1.0 1.33 22.18 23.51 OK
r-devel-linux-x86_64-fedora-clang 0.1.0 51.60 OK
r-devel-linux-x86_64-fedora-gcc 0.1.0 49.21 OK
r-devel-windows-x86_64 0.1.0 3.00 49.00 52.00 OK
r-patched-linux-x86_64 0.1.0 1.94 27.37 29.31 OK
r-release-linux-x86_64 0.1.0 2.04 26.92 28.96 OK
r-release-macos-arm64 0.1.0 23.00 OK
r-release-macos-x86_64 0.1.0 35.00 OK
r-release-windows-x86_64 0.1.0 3.00 49.00 52.00 OK
r-oldrel-macos-arm64 0.1.0 20.00 NOTE
r-oldrel-macos-x86_64 0.1.0 28.00 NOTE
r-oldrel-windows-x86_64 0.1.0 3.00 52.00 55.00 NOTE

Check Details

Version: 0.1.0
Check: LazyData
Result: NOTE 'LazyData' is specified without a 'data' directory Flavors: r-oldrel-macos-arm64, r-oldrel-macos-x86_64, r-oldrel-windows-x86_64