Last updated on 2024-04-17 20:57:32 CEST.
Flavor | Version | Tinstall | Tcheck | Ttotal | Status | Flags |
---|---|---|---|---|---|---|
r-devel-linux-x86_64-debian-clang | 0.3.0 | 5.46 | 56.08 | 61.54 | NOTE | |
r-devel-linux-x86_64-debian-gcc | 0.3.0 | 5.07 | 42.50 | 47.57 | NOTE | |
r-devel-linux-x86_64-fedora-clang | 0.3.0 | 81.97 | NOTE | |||
r-devel-linux-x86_64-fedora-gcc | 0.3.0 | 75.87 | NOTE | |||
r-prerel-macos-arm64 | 0.3.0 | 27.00 | NOTE | |||
r-prerel-windows-x86_64 | 0.3.0 | 8.00 | 61.00 | 69.00 | NOTE | |
r-patched-linux-x86_64 | 0.3.0 | 6.76 | 54.02 | 60.78 | NOTE | |
r-release-linux-x86_64 | 0.3.0 | 6.24 | 54.15 | 60.39 | NOTE | |
r-release-macos-arm64 | 0.3.0 | 27.00 | NOTE | |||
r-release-macos-x86_64 | 0.3.0 | 38.00 | NOTE | |||
r-release-windows-x86_64 | 0.3.0 | 8.00 | 68.00 | 76.00 | NOTE | |
r-oldrel-macos-arm64 | 0.3.0 | 28.00 | NOTE | |||
r-oldrel-windows-x86_64 | 0.3.0 | 9.00 | 75.00 | 84.00 | NOTE |
Version: 0.3.0
Check: LazyData
Result: NOTE
'LazyData' is specified without a 'data' directory
Flavors: r-devel-linux-x86_64-debian-clang, r-devel-linux-x86_64-debian-gcc, r-devel-linux-x86_64-fedora-clang, r-devel-linux-x86_64-fedora-gcc, r-prerel-macos-arm64, r-prerel-windows-x86_64, r-patched-linux-x86_64, r-release-linux-x86_64, r-release-macos-arm64, r-release-macos-x86_64, r-release-windows-x86_64, r-oldrel-macos-arm64, r-oldrel-windows-x86_64