CRAN Package Check Results for Package dub

Last updated on 2022-09-26 21:52:55 CEST.

Flavor Version Tinstall Tcheck Ttotal Status Flags
r-devel-linux-x86_64-debian-clang 0.2.0 1.71 23.03 24.74 NOTE
r-devel-linux-x86_64-debian-gcc 0.2.0 1.46 18.44 19.90 NOTE
r-devel-linux-x86_64-fedora-clang 0.2.0 43.72 NOTE
r-devel-linux-x86_64-fedora-gcc 0.2.0 40.72 NOTE
r-devel-windows-x86_64 0.2.0 9.00 51.00 60.00 NOTE
r-patched-linux-x86_64 0.2.0 1.82 22.92 24.74 NOTE
r-release-linux-x86_64 0.2.0 1.81 22.82 24.63 NOTE
r-release-macos-arm64 0.2.0 15.00 NOTE
r-release-macos-x86_64 0.2.0 20.00 NOTE
r-release-windows-x86_64 0.2.0 10.00 53.00 63.00 NOTE
r-oldrel-macos-arm64 0.2.0 20.00 NOTE
r-oldrel-macos-x86_64 0.2.0 25.00 NOTE
r-oldrel-windows-ix86+x86_64 0.2.0 5.00 46.00 51.00 NOTE

Check Details

Version: 0.2.0
Check: LazyData
Result: NOTE
     'LazyData' is specified without a 'data' directory
Flavors: r-devel-linux-x86_64-debian-clang, r-devel-linux-x86_64-debian-gcc, r-devel-linux-x86_64-fedora-clang, r-devel-linux-x86_64-fedora-gcc, r-devel-windows-x86_64, r-patched-linux-x86_64, r-release-linux-x86_64, r-release-macos-arm64, r-release-macos-x86_64, r-release-windows-x86_64, r-oldrel-macos-arm64, r-oldrel-macos-x86_64, r-oldrel-windows-ix86+x86_64