Last updated on 2024-03-28 19:48:29 CET.
Flavor | Version | Tinstall | Tcheck | Ttotal | Status | Flags |
---|---|---|---|---|---|---|
r-devel-linux-x86_64-debian-clang | 0.1.5 | 4.37 | 40.66 | 45.03 | OK | |
r-devel-linux-x86_64-debian-gcc | 0.1.5 | 2.84 | 32.25 | 35.09 | OK | |
r-devel-linux-x86_64-fedora-clang | 0.1.5 | 57.22 | NOTE | |||
r-devel-linux-x86_64-fedora-gcc | 0.1.5 | 58.73 | NOTE | |||
r-devel-windows-x86_64 | 0.1.5 | 7.00 | 60.00 | 67.00 | OK | |
r-patched-linux-x86_64 | 0.1.5 | 3.71 | 41.15 | 44.86 | OK | |
r-release-linux-x86_64 | 0.1.5 | 2.97 | 41.00 | 43.97 | OK | |
r-release-macos-arm64 | 0.1.5 | 122.00 | OK | |||
r-release-macos-x86_64 | 0.1.5 | 68.00 | OK | |||
r-release-windows-x86_64 | 0.1.5 | 8.00 | 67.00 | 75.00 | OK | |
r-oldrel-macos-arm64 | 0.1.5 | 29.00 | OK | |||
r-oldrel-windows-x86_64 | 0.1.5 | 12.00 | 68.00 | 80.00 | OK |
Version: 0.1.5
Check: installed package size
Result: NOTE
installed size is 5.1Mb
sub-directories of 1Mb or more:
libs 4.8Mb
Flavor: r-devel-linux-x86_64-fedora-clang
Version: 0.1.5
Check: compiled code
Result: NOTE
File ‘dualtrees/libs/dualtrees.so’:
Found no calls to: ‘R_registerRoutines’, ‘R_useDynamicSymbols’
It is good practice to register native routines and to disable symbol
search.
See ‘Writing portable packages’ in the ‘Writing R Extensions’ manual.
Flavors: r-devel-linux-x86_64-fedora-clang, r-devel-linux-x86_64-fedora-gcc