CRAN Package Check Results for Package dtpcrm

Last updated on 2022-09-24 21:51:01 CEST.

Flavor Version Tinstall Tcheck Ttotal Status Flags
r-devel-linux-x86_64-debian-clang 0.1.1 2.40 63.40 65.80 NOTE
r-devel-linux-x86_64-debian-gcc 0.1.1 2.38 48.03 50.41 NOTE
r-devel-linux-x86_64-fedora-clang 0.1.1 90.38 NOTE
r-devel-linux-x86_64-fedora-gcc 0.1.1 91.58 NOTE
r-devel-windows-x86_64 0.1.1 15.00 130.00 145.00 NOTE
r-patched-linux-x86_64 0.1.1 3.08 64.28 67.36 NOTE
r-release-linux-x86_64 0.1.1 2.89 63.24 66.13 NOTE
r-release-macos-arm64 0.1.1 29.00 NOTE
r-release-macos-x86_64 0.1.1 44.00 NOTE
r-release-windows-x86_64 0.1.1 19.00 132.00 151.00 NOTE
r-oldrel-macos-arm64 0.1.1 34.00 NOTE
r-oldrel-macos-x86_64 0.1.1 61.00 NOTE
r-oldrel-windows-ix86+x86_64 0.1.1 8.00 123.00 131.00 NOTE

Check Details

Version: 0.1.1
Check: LazyData
Result: NOTE
     'LazyData' is specified without a 'data' directory
Flavors: r-devel-linux-x86_64-debian-clang, r-devel-linux-x86_64-debian-gcc, r-devel-linux-x86_64-fedora-clang, r-devel-linux-x86_64-fedora-gcc, r-devel-windows-x86_64, r-patched-linux-x86_64, r-release-linux-x86_64, r-release-macos-arm64, r-release-macos-x86_64, r-release-windows-x86_64, r-oldrel-macos-arm64, r-oldrel-macos-x86_64, r-oldrel-windows-ix86+x86_64