Last updated on 2024-04-19 20:56:36 CEST.
Flavor | Version | Tinstall | Tcheck | Ttotal | Status | Flags |
---|---|---|---|---|---|---|
r-devel-linux-x86_64-debian-clang | 1.5.4 | 45.48 | 124.96 | 170.44 | NOTE | |
r-devel-linux-x86_64-debian-gcc | 1.5.4 | NOTE | ||||
r-devel-linux-x86_64-fedora-clang | 1.5.4 | 217.04 | NOTE | |||
r-devel-linux-x86_64-fedora-gcc | 1.5.4 | 191.36 | NOTE | |||
r-prerel-macos-arm64 | 1.5.4 | 55.00 | NOTE | |||
r-prerel-windows-x86_64 | 1.5.4 | 48.00 | 106.00 | 154.00 | NOTE | |
r-patched-linux-x86_64 | 1.5.4 | 36.25 | 119.87 | 156.12 | NOTE | |
r-release-linux-x86_64 | 1.5.4 | 37.76 | 118.19 | 155.95 | OK | |
r-release-macos-arm64 | 1.5.4 | 64.00 | OK | |||
r-release-macos-x86_64 | 1.5.4 | 104.00 | OK | |||
r-release-windows-x86_64 | 1.5.4 | 50.00 | 151.00 | 201.00 | OK | |
r-oldrel-macos-arm64 | 1.5.4 | 61.00 | OK | |||
r-oldrel-windows-x86_64 | 1.5.4 | 49.00 | 146.00 | 195.00 | OK |
Version: 1.5.4
Check: Rd files
Result: NOTE
checkRd: (-1) extract-methods.Rd:105: Lost braces
105 | argument \code{what}. For code{"["} the cutted object.
| ^
Flavors: r-devel-linux-x86_64-debian-clang, r-devel-linux-x86_64-debian-gcc, r-devel-linux-x86_64-fedora-clang, r-devel-linux-x86_64-fedora-gcc, r-prerel-macos-arm64, r-prerel-windows-x86_64, r-patched-linux-x86_64