Last updated on 2025-05-07 20:49:43 CEST.
Flavor | Version | Tinstall | Tcheck | Ttotal | Status | Flags |
---|---|---|---|---|---|---|
r-devel-linux-x86_64-debian-clang | 1.0.0 | 10.96 | 98.64 | 109.60 | NOTE | |
r-devel-linux-x86_64-debian-gcc | 1.0.0 | 6.69 | 69.00 | 75.69 | NOTE | |
r-devel-linux-x86_64-fedora-clang | 1.0.0 | 155.61 | OK | |||
r-devel-linux-x86_64-fedora-gcc | 1.0.0 | 174.43 | OK | |||
r-devel-windows-x86_64 | 1.0.0 | 11.00 | 98.00 | 109.00 | OK | |
r-patched-linux-x86_64 | 1.0.0 | 10.58 | 88.48 | 99.06 | OK | |
r-release-linux-x86_64 | 1.0.0 | 10.17 | 89.49 | 99.66 | OK | |
r-release-macos-arm64 | 1.0.0 | 52.00 | OK | |||
r-release-macos-x86_64 | 1.0.0 | 105.00 | OK | |||
r-release-windows-x86_64 | 1.0.0 | 11.00 | 98.00 | 109.00 | OK | |
r-oldrel-macos-arm64 | 1.0.0 | 56.00 | OK | |||
r-oldrel-macos-x86_64 | 1.0.0 | 74.00 | OK | |||
r-oldrel-windows-x86_64 | 1.0.0 | 16.00 | 123.00 | 139.00 | OK |
Version: 1.0.0
Check: CRAN incoming feasibility
Result: NOTE
Maintainer: ‘Michael Nelson <michael.nelson.r.pkg@gmail.com>’
No Authors@R field in DESCRIPTION.
Please add one, modifying
Authors@R: person(given = "Michael",
family = "Nelson",
role = c("aut", "cre"),
email = "michael.nelson.r.pkg@gmail.com")
as necessary.
Flavors: r-devel-linux-x86_64-debian-clang, r-devel-linux-x86_64-debian-gcc