Last updated on 2024-04-18 21:56:49 CEST.
Flavor | Version | Tinstall | Tcheck | Ttotal | Status | Flags |
---|---|---|---|---|---|---|
r-devel-linux-x86_64-debian-clang | 0.1.2 | 3.15 | 41.86 | 45.01 | OK | |
r-devel-linux-x86_64-debian-gcc | 0.1.2 | 2.28 | 31.52 | 33.80 | OK | |
r-devel-linux-x86_64-fedora-clang | 0.1.2 | 56.80 | OK | |||
r-devel-linux-x86_64-fedora-gcc | 0.1.2 | 66.26 | OK | |||
r-prerel-macos-arm64 | 0.1.2 | 30.00 | OK | |||
r-prerel-windows-x86_64 | 0.1.2 | 5.00 | 55.00 | 60.00 | OK | |
r-patched-linux-x86_64 | 0.1.2 | 3.40 | 38.90 | 42.30 | OK | |
r-release-linux-x86_64 | 0.1.2 | 2.82 | 37.97 | 40.79 | OK | |
r-release-macos-arm64 | 0.1.2 | 31.00 | OK | |||
r-release-macos-x86_64 | 0.1.2 | 42.00 | OK | |||
r-release-windows-x86_64 | 0.1.2 | 5.00 | 58.00 | 63.00 | OK | |
r-oldrel-macos-arm64 | 0.1.2 | 8.00 | ERROR | |||
r-oldrel-windows-x86_64 | 0.1.2 | 5.00 | 61.00 | 66.00 | OK |
Version: 0.1.2
Check: package dependencies
Result: ERROR
Package required and available but unsuitable version: ‘stats’
See section ‘The DESCRIPTION file’ in the ‘Writing R Extensions’
manual.
Flavor: r-oldrel-macos-arm64