Last updated on 2025-05-09 20:49:48 CEST.
Flavor | Version | Tinstall | Tcheck | Ttotal | Status | Flags |
---|---|---|---|---|---|---|
r-devel-linux-x86_64-debian-clang | 0.3.3 | 9.01 | 25.60 | 34.61 | NOTE | |
r-devel-linux-x86_64-debian-gcc | 0.3.3 | 6.77 | 20.69 | 27.46 | NOTE | |
r-devel-linux-x86_64-fedora-clang | 0.3.3 | 59.38 | NOTE | |||
r-devel-linux-x86_64-fedora-gcc | 0.3.3 | 57.67 | NOTE | |||
r-devel-windows-x86_64 | 0.3.3 | 15.00 | 61.00 | 76.00 | NOTE | |
r-patched-linux-x86_64 | 0.3.3 | 8.14 | 23.55 | 31.69 | NOTE | |
r-release-linux-x86_64 | 0.3.3 | 10.03 | 23.42 | 33.45 | NOTE | |
r-release-macos-arm64 | 0.3.3 | 26.00 | NOTE | |||
r-release-macos-x86_64 | 0.3.3 | 37.00 | NOTE | |||
r-release-windows-x86_64 | 0.3.3 | 15.00 | 63.00 | 78.00 | NOTE | |
r-oldrel-macos-arm64 | 0.3.3 | 23.00 | NOTE | |||
r-oldrel-macos-x86_64 | 0.3.3 | 31.00 | NOTE | |||
r-oldrel-windows-x86_64 | 0.3.3 | 15.00 | 72.00 | 87.00 | NOTE |
Version: 0.3.3
Check: C++ specification
Result: NOTE
Specified C++11: please drop specification unless essential
Flavors: r-devel-linux-x86_64-debian-clang, r-devel-linux-x86_64-debian-gcc, r-devel-linux-x86_64-fedora-clang, r-devel-linux-x86_64-fedora-gcc, r-devel-windows-x86_64, r-patched-linux-x86_64, r-release-linux-x86_64, r-release-macos-arm64, r-release-macos-x86_64, r-release-windows-x86_64, r-oldrel-macos-arm64, r-oldrel-macos-x86_64, r-oldrel-windows-x86_64