CRAN Package Check Results for Package dse

Last updated on 2022-09-26 21:52:55 CEST.

Flavor Version Tinstall Tcheck Ttotal Status Flags
r-devel-linux-x86_64-debian-clang 2020.2-1 19.68 193.17 212.85 OK
r-devel-linux-x86_64-debian-gcc 2020.2-1 15.82 134.52 150.34 OK
r-devel-linux-x86_64-fedora-clang 2020.2-1 259.45 NOTE
r-devel-linux-x86_64-fedora-gcc 2020.2-1 1133.28 NOTE
r-devel-windows-x86_64 2020.2-1 62.00 269.00 331.00 OK
r-patched-linux-x86_64 2020.2-1 18.26 174.59 192.85 OK
r-release-linux-x86_64 2020.2-1 15.90 171.54 187.44 OK
r-release-macos-arm64 2020.2-1 308.00 OK
r-release-macos-x86_64 2020.2-1 603.00 OK
r-release-windows-x86_64 2020.2-1 74.00 292.00 366.00 OK
r-oldrel-macos-arm64 2020.2-1 308.00 OK
r-oldrel-macos-x86_64 2020.2-1 905.00 OK
r-oldrel-windows-ix86+x86_64 2020.2-1 34.00 188.00 222.00 OK

Check Details

Version: 2020.2-1
Check: Rd cross-references
Result: NOTE
    Undeclared package ‘EvalEst’ in Rd xrefs
Flavor: r-devel-linux-x86_64-fedora-clang

Version: 2020.2-1
Check: compiled code
Result: NOTE
    File ‘dse/libs/dse.so’:
     Found no calls to: ‘R_registerRoutines’, ‘R_useDynamicSymbols’
    
    It is good practice to register native routines and to disable symbol
    search.
    
    See ‘Writing portable packages’ in the ‘Writing R Extensions’ manual.
Flavors: r-devel-linux-x86_64-fedora-clang, r-devel-linux-x86_64-fedora-gcc