CRAN Package Check Results for Package dscore

Last updated on 2023-06-02 22:01:11 CEST.

Flavor Version Tinstall Tcheck Ttotal Status Flags
r-devel-linux-x86_64-debian-clang 1.8.0 35.66 83.13 118.79 NOTE
r-devel-linux-x86_64-debian-gcc 1.8.0 28.91 63.68 92.59 NOTE
r-devel-linux-x86_64-fedora-clang 1.8.0 163.53 NOTE
r-devel-linux-x86_64-fedora-gcc 1.8.0 165.88 NOTE
r-devel-windows-x86_64 1.8.0 33.00 107.00 140.00 NOTE
r-patched-linux-x86_64 1.8.0 NOTE
r-release-linux-x86_64 1.8.0 27.63 81.04 108.67 NOTE
r-release-macos-arm64 1.8.0 56.00 NOTE
r-release-macos-x86_64 1.8.0 85.00 NOTE
r-release-windows-x86_64 1.8.0 39.00 131.00 170.00 NOTE
r-oldrel-macos-arm64 1.8.0 49.00 OK
r-oldrel-macos-x86_64 1.8.0 69.00 OK
r-oldrel-windows-x86_64 1.8.0 39.00 125.00 164.00 OK

Check Details

Version: 1.8.0
Check: C++ specification
Result: NOTE
     Specified C++11: please drop specification unless essential
Flavors: r-devel-linux-x86_64-debian-clang, r-devel-linux-x86_64-debian-gcc, r-devel-linux-x86_64-fedora-clang, r-devel-linux-x86_64-fedora-gcc, r-devel-windows-x86_64, r-patched-linux-x86_64, r-release-linux-x86_64, r-release-macos-arm64, r-release-macos-x86_64, r-release-windows-x86_64