Last updated on 2024-04-19 20:56:36 CEST.
Flavor | Version | Tinstall | Tcheck | Ttotal | Status | Flags |
---|---|---|---|---|---|---|
r-devel-linux-x86_64-debian-clang | 1.0.1 | 10.14 | 90.02 | 100.16 | NOTE | |
r-devel-linux-x86_64-debian-gcc | 1.0.1 | NOTE | ||||
r-devel-linux-x86_64-fedora-clang | 1.0.1 | 132.87 | NOTE | |||
r-devel-linux-x86_64-fedora-gcc | 1.0.1 | 123.16 | NOTE | |||
r-prerel-macos-arm64 | 1.0.1 | 59.00 | NOTE | |||
r-prerel-windows-x86_64 | 1.0.1 | 10.00 | 130.00 | 140.00 | NOTE | |
r-patched-linux-x86_64 | 1.0.1 | 6.86 | 87.40 | 94.26 | NOTE | |
r-release-linux-x86_64 | 1.0.1 | 7.08 | 85.86 | 92.94 | NOTE | |
r-release-macos-arm64 | 1.0.1 | 58.00 | NOTE | |||
r-release-macos-x86_64 | 1.0.1 | 116.00 | NOTE | |||
r-release-windows-x86_64 | 1.0.1 | 13.00 | 165.00 | 178.00 | NOTE | |
r-oldrel-macos-arm64 | 1.0.1 | 76.00 | OK | |||
r-oldrel-windows-x86_64 | 1.0.1 | 13.00 | 166.00 | 179.00 | OK |
Version: 1.0.1
Check: package subdirectories
Result: NOTE
Problems with news in ‘NEWS.md’:
No news entries found.
Flavors: r-devel-linux-x86_64-debian-clang, r-devel-linux-x86_64-debian-gcc, r-devel-linux-x86_64-fedora-clang, r-devel-linux-x86_64-fedora-gcc, r-prerel-macos-arm64, r-prerel-windows-x86_64, r-patched-linux-x86_64, r-release-linux-x86_64, r-release-macos-arm64, r-release-macos-x86_64, r-release-windows-x86_64